 when d(-5) is divided by (1 - 2 - 1) + u.
8
Let u = 76 - 63. Suppose 0 = 5*k + 2*q + 50, 4*k + 5*q = -10 - 13. Calculate the remainder when u is divided by k*1*4/(-12).
1
Let u = 82 + 1. Let c = u - 58. Let h = 181 + -82. What is the remainder when h is divided by c?
24
Suppose 0 = -2*k + 3*n + 3 + 6, -4*k + 8 = 4*n. Suppose k*f = 3*y + 6, -4*f = 2*y - 0*f + 22. Calculate the remainder when ((-3)/y)/(2/30) is divided by 5.
4
Let w = 247 + -193. What is the remainder when 102 is divided by w?
48
Suppose 0 = n - 2 - 0, 0 = -3*c - 5*n + 10. Suppose c = -7*j + 11*j - 568. Calculate the remainder when j is divided by 18.
16
Suppose -9 - 2 = -5*s - 2*x, -3*s - 1 = 5*x. Suppose -f - 2*k + 23 = 0, 5*k - 10 + 5 = f. Calculate the remainder when f is divided by s.
0
Let u be 1/(-6) - (-280)/(-48). Let k be -4 - (u - -4) - -5. Suppose -z + 14 = 3*f, 2*z + k*z = 3*f - 20. Calculate the remainder when 8 is divided by f.
3
Let s = 8 - 4. Suppose 0 = -5*u - u + 24. Suppose -2*n = -u - s. Calculate the remainder when 17 is divided by n.
1
Let d = 153 - 139. What is the remainder when 321 is divided by d?
13
Suppose 15*c - 22*c - 217 = 0. What is the remainder when ((-35)/5)/(-7) - 1*c is divided by 9?
5
Let v be (-67)/(-3) + (-3)/9. Let m = v - -172. Suppose -m = -5*c + 3*b - 5*b, 0 = -5*c - 4*b + 188. Calculate the remainder when 117 is divided by c.
37
Calculate the remainder when 133 is divided by (-1344)/(-80)*(-15)/(-6).
7
Let f = -1 - 17. What is the remainder when -1*2*207/f is divided by 8?
7
Let x(n) = n**3 + 17*n**2 - 6*n + 30. Calculate the remainder when x(-17) is divided by 67.
65
Let b(s) be the first derivative of -s**4/4 - 7*s**3/3 - 4*s**2 + 2*s - 4. Let z = 9 + -15. Calculate the remainder when 53 is divided by b(z).
11
Let c(q) = 3*q**2 - 9*q - 111. What is the remainder when c(17) is divided by 76?
71
Let c(p) = 9*p**2 + 23*p - 25. Let h(y) = -y**2 - y. Let f(m) = -3*m**2 - m - 1. Let t(u) = f(u) - 4*h(u). What is the remainder when t(-6) is divided by c(1)?
3
Let v(j) = 5*j + 6*j + 3 + 0. Let s(g) = 34*g + 9. Let r(d) = 4*s(d) - 11*v(d). What is the remainder when r(4) is divided by 22?
19
Suppose -19*j = -8*j - 374. Calculate the remainder when 131 is divided by j.
29
What is the remainder when (-252 + -6)/(-6) + 5 is divided by (-1)/((-1)/(-2)) - -28?
22
Calculate the remainder when 83 is divided by (-69)/(33/44 - 9/4).
37
Suppose 0 = -4*m + 8 - 0. Suppose -m = c + 5*z - 4, -5*z = -15. Let a = c + 14. Calculate the remainder when 1 is divided by a.
0
Let f = -32 - -34. Suppose f*w + w + 18 = 0. Calculate the remainder when (-3 + w/9)*-3 is divided by 3.
2
Let r(z) = -3*z - 7. Let d be r(-6). Let w(l) = 13*l**2 - 8 + 22 - 2*l**2 - l**2 - l**3 + 11*l. What is the remainder when 27 is divided by w(d)?
13
Suppose 5 = 5*x + 5*w, 5*x - 19 = x + w. Suppose -4*g + 14 = 5*s - 14, -3*s + x = -4*g. What is the remainder when 20 is divided by g?
0
Let k = 100 + -19. Calculate the remainder when k is divided by 14.
11
Suppose 2*a + 3 = -m, -4*m + a = 6*a + 6. Suppose v = -m + 87. Calculate the remainder when v is divided by 11.
9
Suppose 2*z - 5*o = -0 + 4, o = 2*z - 20. Suppose -17*r - 36 = -21*r. Calculate the remainder when z is divided by r.
3
Let s = -29 - -17. Let d = -26 - s. Calculate the remainder when 62 is divided by 2/7 + (-220)/d.
14
Let a(h) = -h**3 - 10*h**2 - 12*h - 11. Let m(t) = 21*t**3 + t**2 + 3. Let i be m(-3). Calculate the remainder when (-4)/16 - i/12 is divided by a(-9).
14
Let w(k) = -9*k**2 - 224*k + 287. Suppose 7*j - 3*j = 5*t + 541, 3*j + 2*t - 377 = 0. What is the remainder when j is divided by w(-26)?
21
Let a(v) = -v**3 + 3*v**2 + v - 3. Let m be a(3). Suppose t = -2, 5*u - 301 = 3*t - m*t. What is the remainder when u is divided by 15?
14
Let v(l) = 10*l - 3. Let n(i) = i + 1. Let a(y) = -6*n(y) + v(y). Calculate the remainder when a(7) is divided by 7.
5
Calculate the remainder when 254 is divided by (-1 + 3 - -7) + -1.
6
Let y(q) = -q**2 + q + 17. Let i be y(7). Let g = 50 + i. Suppose 9*h - 8*h = 13. Calculate the remainder when g is divided by h.
12
Suppose 2*p = h + 5*p - 36, 136 = 5*h + 4*p. What is the remainder when 45 is divided by h?
21
What is the remainder when 1819 is divided by (-2145)/(-44)*4/3?
64
Let u(c) = -108*c + 516. What is the remainder when u(0) is divided by 29?
23
Suppose -34 = 3*z - 133. Calculate the remainder when 62 is divided by z.
29
Let r = 15 - 9. Let f = r + -10. Calculate the remainder when (22/f)/((-6)/24) is divided by 6.
4
What is the remainder when 8/(-20) + (-1335)/(-25) is divided by 18?
17
Calculate the remainder when 83 - (3/4)/(39/52) is divided by 17.
14
Suppose -14 = -2*d + 2. Let r = 17 - -14. What is the remainder when r is divided by d?
7
Let t(m) = -6*m + 3. Let z = -20 - -32. What is the remainder when t(-5) is divided by z?
9
Suppose 11*g - 24 - 86 = 0. Calculate the remainder when 60 is divided by g.
0
Let s(y) = -119*y + 344. Calculate the remainder when 416 is divided by s(2).
98
Suppose 3*r = -5*a - 13, -r + 9 = 8*a - 9*a. Let h = 1542 + -651. Calculate the remainder when (r/(-6))/((-18)/h) is divided by 9.
6
Let k(n) = n**2 - 20*n + 163. Calculate the remainder when 68 is divided by k(9).
4
Let k = 770 + -714. Calculate the remainder when 223 is divided by k.
55
Let m = -11 - -13. Suppose m*b = 5*l + 50, 67 = b + 4*b + 2*l. Suppose -5*v + 18 + 12 = 0. Calculate the remainder when b is divided by v.
3
Let f be (0 - -720)*4/5. Suppose 0 = -8*z - 16*z + f. Suppose 2*r + 2*r = 4*b - 36, 4*r = -5*b + 81. What is the remainder when z is divided by b?
11
Let a = 154 + -101. Let p(h) = h**2 + 4*h - 21. Let l be p(7). Let o = 74 - l. Calculate the remainder when a is divided by o.
17
Let n be (-6)/(-10) + (-85)/(-25). Suppose 0 = -3*q - 2*q + 5. Suppose n*m = -4*k + 12 + 12, m + q = 0. What is the remainder when k is divided by 4?
3
What is the remainder when 68 is divided by (576/36)/(0 - -1)?
4
Let p = 437 + -382. Let h(q) = -q**2 + 2 + 7*q - 6 + 2*q. Calculate the remainder when p is divided by h(6).
13
Let c be 10/6 - 3/(-9). Suppose -c*q + 112 - 34 = 0. What is the remainder when q is divided by 21?
18
Let z(y) = 2*y**2 - 4*y + 4. Let a be z(2). Suppose -a*k + 48 = 4*v, -2*v = -0*k - 5*k - 10. What is the remainder when 35 is divided by v?
5
Let f = -15 - -26. Let q(r) = r**2 - 8*r + 10. Let o be q(3). Let u = o + f. Calculate the remainder when 22 is divided by u.
4
Let s = 20 + 75. What is the remainder when s is divided by 11?
7
Suppose -2*g = -6 + 2. Suppose 15 - 4 = 3*v + 2*y, -4*y = -2*v + g. Suppose 6*h - h = 20. Calculate the remainder when h is divided by v.
1
Suppose -150 = -0*k - 3*k. Suppose 0 = -4*h + q - 141, h + 0*q - 3*q + 49 = 0. Let b = -17 - h. Calculate the remainder when k is divided by b.
16
Suppose d = 4, 15*y + 3*d - 1307 = 10*y. What is the remainder when y is divided by 52?
51
Let n(r) = r**2 - 4*r - 13. Let h be n(7). What is the remainder when 18 is divided by (2 - -1) + h + -7?
2
Let k(j) = 3*j + 9. Let v be k(-3). Suppose 4*s - f - 485 = v, 2*f = 4*s + 3*f - 491. What is the remainder when s is divided by 25?
22
Let d = 3233 - 2824. Calculate the remainder when d is divided by 85.
69
Let z = 157 + -280. Let i = 240 + z. Calculate the remainder when i is divided by 30.
27
Suppose -9*h = 8*h - 663. Calculate the remainder when 269 is divided by h.
35
Let z(j) = 2*j**2 - 5*j - 6. Let n(t) = t**2 - 10*t - 5. Let s be n(11). Let c = -23 - -36. Calculate the remainder when z(s) is divided by c.
10
Let d = 221 + -166. Let m(j) = j**3 + 7*j**2 + 4*j - 4. What is the remainder when d is divided by m(-4)?
27
Suppose -7 = -11*a + 168 + 243. Let d = 127 + -52. Calculate the remainder when d is divided by a.
37
Let n(a) = -137*a + 78. Calculate the remainder when n(-5) is divided by 59.
55
Suppose 75 = 2*s - 217. Calculate the remainder when s is divided by 51.
44
Suppose 297*o - 18382 = 196*o. Let z(m) = -7*m**3 - 4*m**2 - 3*m. What is the remainder when o is divided by z(-2)?
44
Let y(t) = 6*t + 61. Let s(n) = n**2 + 2*n + 5. What is the remainder when y(-4) is divided by s(-5)?
17
What is the remainder when 566/6 - 6/(-9) is divided by 29?
8
Suppose 0 = 5*j - 2*d + 335, 3*j + 246 = -3*d + 24. Let c = -11 - j. Calculate the remainder when